 m**2 + 0*m + 1/12*m**4 + 13/2*m**3. What is the units digit of a(17)?
3
Let i(s) be the third derivative of s**6/120 - s**5/12 - s**4/12 + s**3/6 - s**2. Let h be i(5). Let w = 10 + h. What is the units digit of w?
1
Suppose 5*p = 5*u - 4150, -3*u = 3*p - 380 - 2116. What is the hundreds digit of u?
8
Suppose 3*b - l = -0*l - 346, -572 = 5*b + 3*l. Let z = 104 - b. What is the tens digit of z?
1
Suppose 4*s + s + 900 = 0. Let z = -123 - s. Suppose 0 = f + f + 5*t - z, f - 26 = -2*t. What is the units digit of f?
6
Let c be 8/(-6)*6/(-4). Let s = 54 + -51. Suppose -g - 50 = -s*k, c*g = -0*g - 4. What is the tens digit of k?
1
Suppose 965 = 12*u - 2539. Suppose -u = -2*a - 2*a. What is the tens digit of a?
7
Suppose c = -2*w + 80, 3*w + 5*c - 116 - 18 = 0. Suppose 0 = -l + w. What is the units digit of l?
8
Let m = -40 + 61. Let i be 64/10 + (-12)/30. Suppose b + i = m. What is the tens digit of b?
1
Let h = 370 - 168. What is the tens digit of h?
0
What is the units digit of (-18552)/(-14)*-10*(-56)/160?
8
Let t(y) = -3*y**2 - 4*y - 3. Let o be t(-2). Let w(z) = 2*z**2 - 4*z + 10. Let a(s) = -2*s + 2. Let l(r) = -5*a(r) + w(r). What is the units digit of l(o)?
6
Let f(o) = 9*o**2 - 6*o**2 + 143 - 6*o**2 + o**2. What is the units digit of f(0)?
3
Suppose -5*z = -41*i + 40*i - 5011, -i = 2*z - 2003. What is the units digit of z?
2
Let b(q) = -8*q - 17 + 90*q**2 - 9*q - 89*q**2. What is the tens digit of b(19)?
2
Suppose -9*s - 965 = -4*s. What is the tens digit of 0 - (3 - 7) - (2 + s)?
9
Suppose -l - 2 = -16. Let w = l + -10. Suppose w*k - 2*t - 6 = 0, -7*k + t = -3*k - 11. What is the units digit of k?
4
What is the units digit of -3 + 32/10 + 60116/70?
9
Let r = 2173 - 1115. What is the units digit of r?
8
Let f = 30 + -42. What is the units digit of 86/6*f/(-4)?
3
Let u = -629 + 857. What is the hundreds digit of u?
2
Suppose -t + 0*t + 5*a + 145 = 0, 5*t = 3*a + 681. Let k = t + -12. What is the units digit of k?
3
Suppose 44 + 36 = 5*o. Suppose -3*n + o = n. Suppose -4*q = -3*w - 73, 2*w = -n*q - 15 + 113. What is the units digit of q?
2
What is the tens digit of 97*(-4)/(-16)*4?
9
Suppose -26*l - 2042 + 49882 = 0. What is the hundreds digit of l?
8
Suppose -d + b + 81 = 0, -5*b + 17 = -8. What is the units digit of d?
6
Suppose 10 + 98 = 2*i. Suppose 0 = -5*g - 5, -g + 6 = t - 0. Suppose 2*x = 4*z + t*x - i, -70 = -5*z - 5*x. What is the units digit of z?
6
Let x(f) = 52*f - 12. What is the units digit of x(1)?
0
Let w(c) = c**3 + 3*c**2 - 3*c - 1. Let k be w(-4). Let t(s) = -20*s - 16. What is the tens digit of t(k)?
8
Let h be 15*(-3 + (-161)/(-5)). Suppose 4*y = -50 + h. Let f = -46 + y. What is the units digit of f?
1
Let t = 1443 - 835. What is the units digit of t?
8
Let q(f) = 5*f + 3 + f**2 + 3*f**2 + 0*f**3 + f**2 + f**3. Let z be q(-4). What is the units digit of 1*(z + 2)*3?
3
Suppose -2*z + 2 = -3*t, 3*z + 5*t - 24 = -2. What is the hundreds digit of z/(-12) + 1424/6?
2
Suppose 4*l - l - 69 = -5*k, 2*l = -3*k + 42. Suppose -k*x + 328 = -8*x. What is the units digit of x?
2
Let w(u) = 14*u - 20. What is the tens digit of w(24)?
1
Let d(b) = 2*b - 1. Let x(g) = g - 2. Suppose -c + 7 = p - 0*c, -4*c + 16 = 0. Let y(k) = p*x(k) - 4*d(k). What is the tens digit of y(-4)?
1
Suppose 17*j = 13*j - 564. Let w = 4 - j. What is the hundreds digit of w?
1
Suppose 4*v + 188 = -3*y - 69, 0 = 3*v - 3. What is the tens digit of y/(-2)*32/48?
2
Let b = 234 + -163. What is the tens digit of b?
7
Let g = 29 + -25. Let q(a) = 21*a + 31. What is the hundreds digit of q(g)?
1
Let g(s) = 2*s**2 - 6*s + 4. Let r be 1/(-2*1/4) - -6. What is the tens digit of g(r)?
1
Let k(p) = 2*p**2 + 10*p - 1. Let s be k(-8). Let b = -96 + s. Let r = -26 - b. What is the units digit of r?
3
Suppose 773*y - 1908 = 770*y. What is the units digit of y?
6
Suppose 0 = -10*a + 5786 + 9034. What is the tens digit of a?
8
Suppose -30*k + 10146 + 8274 = 0. What is the units digit of k?
4
Let i(a) = a**3 - 6*a**2 - 7*a + 9. Let f be i(7). Suppose f*z - 792 = -279. What is the tens digit of z?
5
What is the tens digit of (2/(-6))/(11/(-33)) - -245?
4
Suppose 2026 = 5*m + s - 884, 2*s - 1156 = -2*m. What is the tens digit of m?
8
Suppose -65*p = -45*p - 3320. What is the units digit of p?
6
Let x(r) = -434*r**2. Let j be x(-1). Let i = -249 + 247. What is the tens digit of (j/(-56))/(i/(-8))?
3
Let x be (-28)/(-10) - (-20)/100. Let z be (-2)/(-11) + 106/22. Suppose -66 = -z*s + x*s. What is the tens digit of s?
3
Suppose -d - 5 = -6. What is the units digit of (-1 + -417)*(d/(-2) + 0)?
9
Let m = 20 + -22. What is the tens digit of 1*(m - (-2 + -26))?
2
Let r(g) = 58*g + 78. What is the tens digit of r(8)?
4
Suppose -6*y - 1 = -2*y - 5*w, -5*y = -5*w. Let q be (0 + 1)/(1/y). Let m(a) = 39*a - 1. What is the tens digit of m(q)?
3
Suppose 0 = -4*p + 3*k + 201, 3*p + 0*k - 147 = 3*k. Suppose 3*d + 109 = 5*y + 7*d, d = 2*y - p. What is the tens digit of y?
2
Let s be (-630)/24 - (-2)/8. Let v = s - -28. Suppose 3*t - 30 = v*t. What is the units digit of t?
0
Suppose 80 = -10*u + 440. Let o = 54 + -24. What is the tens digit of (-300)/(-9)*u/o?
4
Suppose 0 = 2*a - 10, 3*h - 4403 + 991 = -5*a. What is the hundreds digit of h?
1
Let f(p) = 18*p + 75. What is the units digit of f(22)?
1
What is the tens digit of (-42)/(-10) - (-26)/(-130) - -1485?
8
Suppose 241 = 4*k - 127. Let g = -4 - -7. What is the units digit of g/6 - k/(-8)?
2
Let g = 33 + -29. Suppose 197 = g*y - 87. What is the units digit of y?
1
Let n = 18 + -13. Suppose n*o - 2*h = 411, -2*h - 367 + 37 = -4*o. What is the tens digit of o?
8
Let d(f) = -3*f**3 - 2*f**2 + 8*f + 10. Let h be d(-4). Let g = h + -82. What is the tens digit of g?
5
Let n(f) = 4*f**2 - 4*f - 4. What is the units digit of n(-23)?
4
Let g = 114 - -245. What is the hundreds digit of g?
3
Suppose 4*z - 22 = -x, -5 = z - 5*x - 0. Suppose 5*y = 7*f - 4*f - 30, 2*y + 10 = f. Suppose 11 = i - o, -5*i + f = z*o - 5. What is the units digit of i?
7
Let m be (3 + (-6)/(-14))*-7. Let t = m - -26. Suppose 0 = 2*b + 4*a - 102, 2*a - 33 = t*b - 129. What is the units digit of b?
9
Let f = 0 + 20. Suppose -2*d + d = -10. Suppose 2*y - 2*m = d, 0*y - 4*y = 4*m - f. What is the units digit of y?
5
Let t(o) be the third derivative of -o**6/15 - o**5/60 + o**4/24 + o**3/3 + 4*o**2. Let d be t(-1). What is the units digit of 3/(18/d)*3?
4
Suppose 0 = 2*j + 1 - 5. Suppose -k + j*a + 47 = -20, 3*k - 176 = a. Suppose -4*f + k = -59. What is the units digit of f?
9
Let g be 16/(-1)*6/(-12). Suppose 0 = -2*r + g + 2. Suppose -4*u = u - r. What is the units digit of u?
1
Let p be ((-15)/60)/((-1)/148). Suppose 4 - 31 = -3*y. Let s = p - y. What is the units digit of s?
8
Let g(w) = -78*w - 42. What is the hundreds digit of g(-4)?
2
Let l = 39 + -62. Let j = 26 + l. Let m = 8 - j. What is the units digit of m?
5
Suppose -5*g + 10*l - 5*l = -5160, 0 = -g - l + 1034. What is the thousands digit of g?
1
Suppose -4*y - 5 = 3. Let i be (y - -6) + 2 - 2. Suppose -i*k + 11 = -4*d - 5, -4*k + 52 = 5*d. What is the units digit of k?
8
Suppose 0 = a - 3*a + 42. Let z be (a/2)/((-14)/(-84)). Suppose -z + 378 = 5*i + 2*p, 126 = 2*i - 3*p. What is the units digit of i?
3
Let g = -58 - -36. Let w(b) = 2*b - 4. Let i be w(-5). Let n = i - g. What is the units digit of n?
8
Suppose u - 3*l = -11 + 1, 3*l - 18 = -3*u. Suppose 2421 = u*t + 7*t. What is the tens digit of t?
6
Let s = 3839 - 2584. What is the hundreds digit of s?
2
Suppose 3*t = 15 - 228. Suppose -5*o - 19 = 106. Let c = o - t. What is the tens digit of c?
4
Suppose -4*u + 5*m + 936 = 0, 2*u - 2*m - 438 = -7*m. What is the hundreds digit of u?
2
Let h = 771 - -291. What is the units digit of h?
2
Let w = -7 + 5. Let m(t) = -6*t**3 + 3*t**2 + 3*t + 3. What is the tens digit of m(w)?
5
Suppose 29*k - 23*k - 54 = 0. What is the units digit of k?
9
Suppose -330 = -2*g - 4*i + 2746, 0 = -g - i + 1540. What is the thousands digit of g?
1
Suppose -3 = 3*s - 0. Let q be 8/(-10)*300/8. Let z = s - q. What is the tens digit of z?
2
Let a(i) = i**3 + 17*i**2 + 14*i - 28. Let n be a(-16). Suppose -5*m = -9*m - f + 299, -n*m + 3*f = -287. What is the tens digit of m?
7
What is the hundreds digit of 5 + (-4 + 531 - -4)?
5
Let j = -45 + 51